{"id":266,"date":"2021-01-26T09:00:08","date_gmt":"2021-01-26T09:00:08","guid":{"rendered":"https:\/\/proyectosherranz.com\/?page_id=266"},"modified":"2021-04-04T10:24:08","modified_gmt":"2021-04-04T10:24:08","slug":"servicios","status":"publish","type":"page","link":"https:\/\/proyectosherranz.com\/index.php\/servicios\/","title":{"rendered":"Servicios"},"content":{"rendered":"\n<div class=\"wp-block-themeisle-blocks-advanced-columns alignfull has-1-columns has-desktop-equal-layout has-tablet-equal-layout has-mobile-equal-layout has-nogap-gap has-vertical-unset\" id=\"wp-block-themeisle-blocks-advanced-columns-57bfef66\"><div class=\"wp-block-themeisle-blocks-advanced-columns-overlay\"><\/div><div class=\"innerblocks-wrap\">\n<div class=\"wp-block-themeisle-blocks-advanced-column\" id=\"wp-block-themeisle-blocks-advanced-column-88849554\">\n<div id=\"wp-block-themeisle-blocks-advanced-heading-002152ca\" class=\"wp-block-themeisle-blocks-advanced-heading wp-block-themeisle-blocks-advanced-heading-002152ca\">Serv<\/div>\n\n\n\n<h2 id=\"wp-block-themeisle-blocks-advanced-heading-df23d1df\" class=\"wp-block-themeisle-blocks-advanced-heading wp-block-themeisle-blocks-advanced-heading-df23d1df\">Nuestros Servicios<\/h2>\n\n\n\n<div class=\"wp-block-themeisle-blocks-advanced-columns has-3-columns has-desktop-equal-layout has-tablet-equal-layout has-mobile-collapsedRows-layout has-nogap-gap has-vertical-unset\" id=\"wp-block-themeisle-blocks-advanced-columns-f4d5db45\"><div class=\"wp-block-themeisle-blocks-advanced-columns-overlay\"><\/div><div class=\"innerblocks-wrap\">\n<div class=\"wp-block-themeisle-blocks-advanced-column\" id=\"wp-block-themeisle-blocks-advanced-column-abaf1f32\">\n<div class=\"wp-block-themeisle-blocks-service\">\n<p class=\"wp-block-themeisle-blocks-font-awesome-icons\" id=\"wp-block-themeisle-blocks-font-awesome-icons-83293f68\"><span class=\"wp-block-themeisle-blocks-font-awesome-icons-container\"><i class=\"fas fa-paint-roller\"><\/i><\/span><\/p>\n\n\n\n<div id=\"wp-block-themeisle-blocks-advanced-heading-69e74342\" class=\"wp-block-themeisle-blocks-advanced-heading wp-block-themeisle-blocks-advanced-heading-69e74342\">Pintura exterior<\/div>\n\n\n\n<p id=\"wp-block-themeisle-blocks-advanced-heading-7a0b5c1a\" class=\"wp-block-themeisle-blocks-advanced-heading wp-block-themeisle-blocks-advanced-heading-7a0b5c1a\">Reparamos todo tipo de fachada exterior aportando todo lo necesario para poder realizar los trabajos de la manera m\u00e1s segura y competente. Utilizamos marcas de primera calidad para ofrecer a nuestros clientes el mejor resultado.<\/p>\n<\/div>\n<\/div>\n\n\n\n<div class=\"wp-block-themeisle-blocks-advanced-column\" id=\"wp-block-themeisle-blocks-advanced-column-2670760a\">\n<div class=\"wp-block-themeisle-blocks-service\">\n<p class=\"wp-block-themeisle-blocks-font-awesome-icons\" id=\"wp-block-themeisle-blocks-font-awesome-icons-48f0c34c\"><span class=\"wp-block-themeisle-blocks-font-awesome-icons-container\"><i class=\"fas fa-home\"><\/i><\/span><\/p>\n\n\n\n<div id=\"wp-block-themeisle-blocks-advanced-heading-688f0db5\" class=\"wp-block-themeisle-blocks-advanced-heading wp-block-themeisle-blocks-advanced-heading-688f0db5\">Impermeabilizaciones<\/div>\n\n\n\n<p id=\"wp-block-themeisle-blocks-advanced-heading-22dec819\" class=\"wp-block-themeisle-blocks-advanced-heading wp-block-themeisle-blocks-advanced-heading-22dec819\">Nuestro trabajo de impermeabilizaci\u00f3n soluciona todo tipo de problemas de filtraciones relacionadas con la humedad y el deterioro que produce el paso del tiempo.<br>Utilizamos las mejores t\u00e9cnicas inovadoras consiguiendo as\u00ed los mejores resultados.<\/p>\n<\/div>\n<\/div>\n\n\n\n<div class=\"wp-block-themeisle-blocks-advanced-column\" id=\"wp-block-themeisle-blocks-advanced-column-4f9991e5\">\n<div class=\"wp-block-themeisle-blocks-service\">\n<p class=\"wp-block-themeisle-blocks-font-awesome-icons\" id=\"wp-block-themeisle-blocks-font-awesome-icons-8351db79\"><span class=\"wp-block-themeisle-blocks-font-awesome-icons-container\"><i class=\"fas fa-paint-brush\"><\/i><\/span><\/p>\n\n\n\n<div id=\"wp-block-themeisle-blocks-advanced-heading-30e56f54\" class=\"wp-block-themeisle-blocks-advanced-heading wp-block-themeisle-blocks-advanced-heading-30e56f54\">Pintura Decorativa<\/div>\n\n\n\n<p id=\"wp-block-themeisle-blocks-advanced-heading-42ef5fab\" class=\"wp-block-themeisle-blocks-advanced-heading wp-block-themeisle-blocks-advanced-heading-42ef5fab\">Realizamos todo tipo de pintura decorativa, trabajamos con los \u00faltimos materiales lo cual nos permite estar actualizados constantemente.<\/p>\n<\/div>\n<\/div>\n<\/div><\/div>\n\n\n\n<div class=\"wp-block-themeisle-blocks-advanced-columns has-3-columns has-desktop-equal-layout has-tablet-equal-layout has-mobile-collapsedRows-layout has-nogap-gap has-vertical-unset\" id=\"wp-block-themeisle-blocks-advanced-columns-21ec8493\"><div class=\"wp-block-themeisle-blocks-advanced-columns-overlay\"><\/div><div class=\"innerblocks-wrap\">\n<div class=\"wp-block-themeisle-blocks-advanced-column\" id=\"wp-block-themeisle-blocks-advanced-column-ac8c5560\">\n<div class=\"wp-block-themeisle-blocks-service\">\n<p class=\"wp-block-themeisle-blocks-font-awesome-icons\" id=\"wp-block-themeisle-blocks-font-awesome-icons-bd12145d\"><span class=\"wp-block-themeisle-blocks-font-awesome-icons-container\"><i class=\"fas fa-brush\"><\/i><\/span><\/p>\n\n\n\n<div id=\"wp-block-themeisle-blocks-advanced-heading-a56ce13f\" class=\"wp-block-themeisle-blocks-advanced-heading wp-block-themeisle-blocks-advanced-heading-a56ce13f\">Pintura Interior<\/div>\n\n\n\n<p id=\"wp-block-themeisle-blocks-advanced-heading-51f4e595\" class=\"wp-block-themeisle-blocks-advanced-heading wp-block-themeisle-blocks-advanced-heading-51f4e595\">Pintamos todo tipo de viviendas vacias o amuebladas, locales naves, hoteles, etc. Protejemos todo el interior de manera minuciosa utilizando los materiales de tapado adecuados para cada zona. Utilizamos las mejores pinturas lavables con diferentes acabados, bien sea mates, brillos o satinados, siempre con las mejores marcas.<\/p>\n<\/div>\n<\/div>\n\n\n\n<div class=\"wp-block-themeisle-blocks-advanced-column\" id=\"wp-block-themeisle-blocks-advanced-column-0e2d137c\">\n<div class=\"wp-block-themeisle-blocks-service\">\n<p class=\"wp-block-themeisle-blocks-font-awesome-icons\" id=\"wp-block-themeisle-blocks-font-awesome-icons-c46e9771\"><span class=\"wp-block-themeisle-blocks-font-awesome-icons-container\"><i class=\"fas fa-house-damage\"><\/i><\/span><\/p>\n\n\n\n<div id=\"wp-block-themeisle-blocks-advanced-heading-52e8ec28\" class=\"wp-block-themeisle-blocks-advanced-heading wp-block-themeisle-blocks-advanced-heading-52e8ec28\">Reformas<\/div>\n\n\n\n<p id=\"wp-block-themeisle-blocks-advanced-heading-eeae8592\" class=\"wp-block-themeisle-blocks-advanced-heading wp-block-themeisle-blocks-advanced-heading-eeae8592\">Realizamos todo tipo de reformas de rehabilitaci\u00f3n, disponemos de industriales cualificados para desarrollar los diferentes tipos de proyectos tanto de viviendas, comercios, naves industriales, etc. Te ayudamos con la direcci\u00f3n de obra, podemos recomendarle diferentes distribuidores de materiales con precios muy competitivos y buenos productos.<\/p>\n\n\n\n<p><\/p>\n\n\n\n<p><\/p>\n\n\n\n<p><\/p>\n\n\n\n<p><\/p>\n\n\n\n<p><\/p>\n\n\n\n<p class=\"wp-block-themeisle-blocks-font-awesome-icons\" id=\"wp-block-themeisle-blocks-font-awesome-icons-6fe8a2f7\"><span class=\"wp-block-themeisle-blocks-font-awesome-icons-container\"><i class=\"fas fa-warehouse\"><\/i><\/span><\/p>\n\n\n\n<div id=\"wp-block-themeisle-blocks-advanced-heading-8bbbbcd1\" class=\"wp-block-themeisle-blocks-advanced-heading wp-block-themeisle-blocks-advanced-heading-8bbbbcd1\">Garajes y Parkings<\/div>\n\n\n\n<p id=\"wp-block-themeisle-blocks-advanced-heading-096d9565\" class=\"wp-block-themeisle-blocks-advanced-heading wp-block-themeisle-blocks-advanced-heading-096d9565\">Rehabilitamos todo tipo de parkings y garajes.<br>Utilizamos todo tipo de materiales necesarios para poder desarrollar los trabajos de la mejor manera:<br>-Antipolvo &#8211; Autonivelante<br>-Exopi &#8211; Ignifugas<br>-Acrilicas -Anticorrosi\u00f3n y \u00f3xido<br>&#8211; Resinas &#8211; Suelos antideslizante<br>-Pulidos -Devastados<\/p>\n<\/div>\n<\/div>\n\n\n\n<div class=\"wp-block-themeisle-blocks-advanced-column\" id=\"wp-block-themeisle-blocks-advanced-column-9485c560\">\n<div class=\"wp-block-themeisle-blocks-service\">\n<p class=\"wp-block-themeisle-blocks-font-awesome-icons\" id=\"wp-block-themeisle-blocks-font-awesome-icons-d77952a9\"><span class=\"wp-block-themeisle-blocks-font-awesome-icons-container\"><i class=\"fas fa-industry\"><\/i><\/span><\/p>\n\n\n\n<div id=\"wp-block-themeisle-blocks-advanced-heading-ac97a278\" class=\"wp-block-themeisle-blocks-advanced-heading wp-block-themeisle-blocks-advanced-heading-ac97a278\">Pintura industrial<\/div>\n\n\n\n<p id=\"wp-block-themeisle-blocks-advanced-heading-2be4b0bc\" class=\"wp-block-themeisle-blocks-advanced-heading wp-block-themeisle-blocks-advanced-heading-2be4b0bc\">Aplicamos tratamientos especificos para zonas industriales y centros comerciales, con nuestro equipo profesional de pintores puede proteger su empresa o negocio con los mejores acabados y materiales de pintura. Hacemos un estudio previo a las superficies en las que se tiene que realizar los trabajos para que el resultado sea optimo.<br>&#8211; Epoxi &#8211; Pouliretano<br>&#8211; Resinas<br>&#8211; Pinturas resistencia al fuego<br> &#8211; Se\u00f1alizaci\u00f3n vial<br>&#8211; Protecci\u00f3n \u00f3xido<\/p>\n<\/div>\n<\/div>\n<\/div><\/div>\n\n\n\n<div class=\"wp-block-themeisle-blocks-advanced-columns has-2-columns has-desktop-twoOne-layout has-tablet-twoOne-layout has-mobile-collapsedRows-layout has-extended-gap has-vertical-center\" id=\"wp-block-themeisle-blocks-advanced-columns-498d9804\"><div class=\"wp-block-themeisle-blocks-advanced-columns-overlay\"><\/div><div class=\"innerblocks-wrap\">\n<div class=\"wp-block-themeisle-blocks-advanced-column\" id=\"wp-block-themeisle-blocks-advanced-column-938db50d\">\n<h4 id=\"wp-block-themeisle-blocks-advanced-heading-ef2fcc7d\" class=\"wp-block-themeisle-blocks-advanced-heading wp-block-themeisle-blocks-advanced-heading-ef2fcc7d\">Start your journey with us now<\/h4>\n<\/div>\n\n\n\n<div class=\"wp-block-themeisle-blocks-advanced-column\" id=\"wp-block-themeisle-blocks-advanced-column-f54f1480\">\n<p class=\"wp-block-themeisle-blocks-font-awesome-icons animated bounceIn\" id=\"wp-block-themeisle-blocks-font-awesome-icons-cdee9db0\"><span class=\"wp-block-themeisle-blocks-font-awesome-icons-container\"><svg xmlns=\"http:\/\/www.w3.org\/2000\/svg\" viewbox=\"0 0 1800 1800\" role=\"img\" aria-hidden=\"true\"><path d=\"M1783.877,760.195L1448.221,519.4c0.936-5.06,1.49-10.252,1.49-15.58V88.032 c0-47.163-38.371-85.533-85.533-85.533h-124.246c-47.162,0-85.533,38.37-85.533,85.533v220.587L918.581,139.452 c-4.537-3.26-9.654-5.051-14.847-5.618c-1.234-0.156-2.483-0.246-3.732-0.255c-1.249,0.009-2.497,0.099-3.732,0.255 c-5.188,0.567-10.309,2.358-14.846,5.618l-865.3,620.743c-14.143,10.142-17.383,29.829-7.236,43.971 c6.155,8.581,15.822,13.149,25.63,13.149c6.361,0,12.78-1.921,18.341-5.913L900.002,203.69l254.396,182.496l63.024,45.211 l132.331,94.932l64.783,46.473l332.604,238.601c5.562,3.991,11.979,5.913,18.341,5.913c9.809,0,19.476-4.568,25.631-13.149 C1801.26,790.027,1798.02,770.337,1783.877,760.195z M1217.423,353.834V88.032c0-12.411,10.099-22.509,22.509-22.509h124.246 c12.41,0,22.509,10.098,22.509,22.509v387.226L1217.423,353.834z\"><\/path><path d=\"M1534.746,800.935c-17.404,0-31.512,14.107-31.512,31.512v894.17c0,1.895-6.37,7.86-17.418,7.86h-353.228 v-548.772c0-17.404-14.107-31.512-31.513-31.512H698.928c-17.404,0-31.512,14.107-31.512,31.512v548.772H314.188 c-11.048,0-17.418-5.966-17.418-7.86v-894.17c0-17.405-14.107-31.512-31.512-31.512c-17.404,0-31.512,14.107-31.512,31.512v894.17 c0,1.169,0.136,2.303,0.197,3.459c2.071,37.474,37.214,67.426,80.245,67.426h384.74c17.405,0,31.512-14.108,31.512-31.513v-548.771 h339.125v548.771c0,17.404,14.107,31.513,31.512,31.513h384.74c43.031,0,78.174-29.952,80.244-67.426 c0.063-1.156,0.198-2.29,0.198-3.459v-894.17C1566.259,815.042,1552.151,800.935,1534.746,800.935z\"><\/path><path d=\"M1073.253,782.176c0-95.411-77.624-173.04-173.04-173.04s-173.04,77.628-173.04,173.04 c0,95.416,77.624,173.04,173.04,173.04S1073.253,877.592,1073.253,782.176z M790.198,782.176 c0-60.663,49.352-110.016,110.016-110.016s110.015,49.353,110.015,110.016c0,60.664-49.352,110.016-110.015,110.016 S790.198,842.84,790.198,782.176z\"><\/path><\/svg><\/span><\/p>\n<\/div>\n<\/div><\/div>\n<\/div>\n<\/div><\/div>\n","protected":false},"excerpt":{"rendered":"","protected":false},"author":1,"featured_media":0,"parent":0,"menu_order":0,"comment_status":"closed","ping_status":"closed","template":"","meta":{"neve_meta_sidebar":"full-width","neve_meta_container":"","neve_meta_enable_content_width":"on","neve_meta_content_width":100,"neve_meta_title_alignment":"","neve_meta_author_avatar":"","neve_post_elements_order":"","neve_meta_disable_header":"","neve_meta_disable_footer":"","neve_meta_disable_title":"","_themeisle_gutenberg_block_has_review":false,"footnotes":""},"class_list":["post-266","page","type-page","status-publish","hentry"],"yoast_head":"<!-- This site is optimized with the Yoast SEO plugin v26.8 - https:\/\/yoast.com\/product\/yoast-seo-wordpress\/ -->\n<title>Servicios - Proyectos Herranz<\/title>\n<meta name=\"robots\" content=\"index, follow, max-snippet:-1, max-image-preview:large, max-video-preview:-1\" \/>\n<link rel=\"canonical\" href=\"https:\/\/proyectosherranz.com\/index.php\/servicios\/\" \/>\n<meta property=\"og:locale\" content=\"es_ES\" \/>\n<meta property=\"og:type\" content=\"article\" \/>\n<meta property=\"og:title\" content=\"Servicios - Proyectos Herranz\" \/>\n<meta property=\"og:url\" content=\"https:\/\/proyectosherranz.com\/index.php\/servicios\/\" \/>\n<meta property=\"og:site_name\" content=\"Proyectos Herranz\" \/>\n<meta property=\"article:modified_time\" content=\"2021-04-04T10:24:08+00:00\" \/>\n<meta name=\"twitter:card\" content=\"summary_large_image\" \/>\n<meta name=\"twitter:label1\" content=\"Tiempo de lectura\" \/>\n\t<meta name=\"twitter:data1\" content=\"2 minutos\" \/>\n<script type=\"application\/ld+json\" class=\"yoast-schema-graph\">{\"@context\":\"https:\/\/schema.org\",\"@graph\":[{\"@type\":\"WebPage\",\"@id\":\"https:\/\/proyectosherranz.com\/index.php\/servicios\/\",\"url\":\"https:\/\/proyectosherranz.com\/index.php\/servicios\/\",\"name\":\"Servicios - Proyectos Herranz\",\"isPartOf\":{\"@id\":\"https:\/\/proyectosherranz.com\/#website\"},\"datePublished\":\"2021-01-26T09:00:08+00:00\",\"dateModified\":\"2021-04-04T10:24:08+00:00\",\"breadcrumb\":{\"@id\":\"https:\/\/proyectosherranz.com\/index.php\/servicios\/#breadcrumb\"},\"inLanguage\":\"es\",\"potentialAction\":[{\"@type\":\"ReadAction\",\"target\":[\"https:\/\/proyectosherranz.com\/index.php\/servicios\/\"]}]},{\"@type\":\"BreadcrumbList\",\"@id\":\"https:\/\/proyectosherranz.com\/index.php\/servicios\/#breadcrumb\",\"itemListElement\":[{\"@type\":\"ListItem\",\"position\":1,\"name\":\"Home\",\"item\":\"https:\/\/proyectosherranz.com\/\"},{\"@type\":\"ListItem\",\"position\":2,\"name\":\"Servicios\"}]},{\"@type\":\"WebSite\",\"@id\":\"https:\/\/proyectosherranz.com\/#website\",\"url\":\"https:\/\/proyectosherranz.com\/\",\"name\":\"Proyectos Herranz\",\"description\":\"Proyectos, reformas y pintura\",\"publisher\":{\"@id\":\"https:\/\/proyectosherranz.com\/#organization\"},\"potentialAction\":[{\"@type\":\"SearchAction\",\"target\":{\"@type\":\"EntryPoint\",\"urlTemplate\":\"https:\/\/proyectosherranz.com\/?s={search_term_string}\"},\"query-input\":{\"@type\":\"PropertyValueSpecification\",\"valueRequired\":true,\"valueName\":\"search_term_string\"}}],\"inLanguage\":\"es\"},{\"@type\":\"Organization\",\"@id\":\"https:\/\/proyectosherranz.com\/#organization\",\"name\":\"Proyectos Herranz\",\"url\":\"https:\/\/proyectosherranz.com\/\",\"logo\":{\"@type\":\"ImageObject\",\"inLanguage\":\"es\",\"@id\":\"https:\/\/proyectosherranz.com\/#\/schema\/logo\/image\/\",\"url\":\"https:\/\/proyectosherranz.com\/wp-content\/uploads\/2020\/12\/cropped-cropped-LogoIconSMALL.jpg\",\"contentUrl\":\"https:\/\/proyectosherranz.com\/wp-content\/uploads\/2020\/12\/cropped-cropped-LogoIconSMALL.jpg\",\"width\":237,\"height\":623,\"caption\":\"Proyectos Herranz\"},\"image\":{\"@id\":\"https:\/\/proyectosherranz.com\/#\/schema\/logo\/image\/\"}}]}<\/script>\n<!-- \/ Yoast SEO plugin. -->","yoast_head_json":{"title":"Servicios - Proyectos Herranz","robots":{"index":"index","follow":"follow","max-snippet":"max-snippet:-1","max-image-preview":"max-image-preview:large","max-video-preview":"max-video-preview:-1"},"canonical":"https:\/\/proyectosherranz.com\/index.php\/servicios\/","og_locale":"es_ES","og_type":"article","og_title":"Servicios - Proyectos Herranz","og_url":"https:\/\/proyectosherranz.com\/index.php\/servicios\/","og_site_name":"Proyectos Herranz","article_modified_time":"2021-04-04T10:24:08+00:00","twitter_card":"summary_large_image","twitter_misc":{"Tiempo de lectura":"2 minutos"},"schema":{"@context":"https:\/\/schema.org","@graph":[{"@type":"WebPage","@id":"https:\/\/proyectosherranz.com\/index.php\/servicios\/","url":"https:\/\/proyectosherranz.com\/index.php\/servicios\/","name":"Servicios - Proyectos Herranz","isPartOf":{"@id":"https:\/\/proyectosherranz.com\/#website"},"datePublished":"2021-01-26T09:00:08+00:00","dateModified":"2021-04-04T10:24:08+00:00","breadcrumb":{"@id":"https:\/\/proyectosherranz.com\/index.php\/servicios\/#breadcrumb"},"inLanguage":"es","potentialAction":[{"@type":"ReadAction","target":["https:\/\/proyectosherranz.com\/index.php\/servicios\/"]}]},{"@type":"BreadcrumbList","@id":"https:\/\/proyectosherranz.com\/index.php\/servicios\/#breadcrumb","itemListElement":[{"@type":"ListItem","position":1,"name":"Home","item":"https:\/\/proyectosherranz.com\/"},{"@type":"ListItem","position":2,"name":"Servicios"}]},{"@type":"WebSite","@id":"https:\/\/proyectosherranz.com\/#website","url":"https:\/\/proyectosherranz.com\/","name":"Proyectos Herranz","description":"Proyectos, reformas y pintura","publisher":{"@id":"https:\/\/proyectosherranz.com\/#organization"},"potentialAction":[{"@type":"SearchAction","target":{"@type":"EntryPoint","urlTemplate":"https:\/\/proyectosherranz.com\/?s={search_term_string}"},"query-input":{"@type":"PropertyValueSpecification","valueRequired":true,"valueName":"search_term_string"}}],"inLanguage":"es"},{"@type":"Organization","@id":"https:\/\/proyectosherranz.com\/#organization","name":"Proyectos Herranz","url":"https:\/\/proyectosherranz.com\/","logo":{"@type":"ImageObject","inLanguage":"es","@id":"https:\/\/proyectosherranz.com\/#\/schema\/logo\/image\/","url":"https:\/\/proyectosherranz.com\/wp-content\/uploads\/2020\/12\/cropped-cropped-LogoIconSMALL.jpg","contentUrl":"https:\/\/proyectosherranz.com\/wp-content\/uploads\/2020\/12\/cropped-cropped-LogoIconSMALL.jpg","width":237,"height":623,"caption":"Proyectos Herranz"},"image":{"@id":"https:\/\/proyectosherranz.com\/#\/schema\/logo\/image\/"}}]}},"_links":{"self":[{"href":"https:\/\/proyectosherranz.com\/index.php\/wp-json\/wp\/v2\/pages\/266","targetHints":{"allow":["GET"]}}],"collection":[{"href":"https:\/\/proyectosherranz.com\/index.php\/wp-json\/wp\/v2\/pages"}],"about":[{"href":"https:\/\/proyectosherranz.com\/index.php\/wp-json\/wp\/v2\/types\/page"}],"author":[{"embeddable":true,"href":"https:\/\/proyectosherranz.com\/index.php\/wp-json\/wp\/v2\/users\/1"}],"replies":[{"embeddable":true,"href":"https:\/\/proyectosherranz.com\/index.php\/wp-json\/wp\/v2\/comments?post=266"}],"version-history":[{"count":13,"href":"https:\/\/proyectosherranz.com\/index.php\/wp-json\/wp\/v2\/pages\/266\/revisions"}],"predecessor-version":[{"id":497,"href":"https:\/\/proyectosherranz.com\/index.php\/wp-json\/wp\/v2\/pages\/266\/revisions\/497"}],"wp:attachment":[{"href":"https:\/\/proyectosherranz.com\/index.php\/wp-json\/wp\/v2\/media?parent=266"}],"curies":[{"name":"wp","href":"https:\/\/api.w.org\/{rel}","templated":true}]}}