{"id":348,"date":"2021-03-08T22:19:00","date_gmt":"2021-03-08T22:19:00","guid":{"rendered":"https:\/\/proyectosherranz.com\/?page_id=348"},"modified":"2021-03-08T22:19:11","modified_gmt":"2021-03-08T22:19:11","slug":"politicas-de-privacidad","status":"publish","type":"page","link":"https:\/\/proyectosherranz.com\/index.php\/politicas-de-privacidad\/","title":{"rendered":"politicas de privacidad"},"content":{"rendered":"\n<div class=\"wp-block-themeisle-blocks-advanced-columns has-2-columns has-desktop-oneTwo-layout has-tablet-equal-layout has-mobile-collapsedRows-layout has-default-gap has-vertical-unset\" id=\"wp-block-themeisle-blocks-advanced-columns-ad64c66c\"><div class=\"wp-block-themeisle-blocks-advanced-columns-overlay\"><\/div><div class=\"innerblocks-wrap\">\n<div class=\"wp-block-themeisle-blocks-advanced-column\" id=\"wp-block-themeisle-blocks-advanced-column-2a52a528\"><\/div>\n\n\n\n<div class=\"wp-block-themeisle-blocks-advanced-column\" id=\"wp-block-themeisle-blocks-advanced-column-dbe601a5\">\n<p><strong>\u00bfQui\u00e9n es el responsable de este sitio web?<\/strong><\/p>\n\n\n\n<p><strong>Proyectosherranz.com<\/strong> respeta la legislaci\u00f3n vigente en materia de protecci\u00f3n de datos personales, la privacidad de los usuarios y el secreto y seguridad de los datos personales. Todos los datos de nuestros clientes ser\u00e1n tratados de conformidad con los principios de licitud, lealtad y transparencia, limitaci\u00f3n de la finalidad y plazo de conservaci\u00f3n, minimizaci\u00f3n de datos, exactitud, integridad y confidencialidad, entre otros, as\u00ed como respetando el resto de obligaciones y garant\u00edas establecidas en el Reglamento (UE) 2016\/679 del Parlamento Europeo y del Consejo de 27 de abril de 2016, adoptando para ello las medidas t\u00e9cnicas y organizativas necesarias para evitar la p\u00e9rdida, mal uso, alteraci\u00f3n, acceso no autorizado y robo de los datos personales facilitados, habida cuenta del estado de la tecnolog\u00eda, la naturaleza de los datos y los riesgos a los que est\u00e1n expuestos.<\/p>\n\n\n\n<p>El responsable de este sitio web es:<\/p>\n\n\n\n<p>Oscar Herranz<\/p>\n\n\n\n<p>NIF: 3214324324523<\/p>\n\n\n\n<p>email: info@proyectosherranz.com<\/p>\n\n\n\n<p><strong>\u00bfCu\u00e1les son los objetivos de esta p\u00e1gina web?<\/strong><\/p>\n\n\n\n<p>Proporcionar a los visitantes contenidos e informaci\u00f3n relacionada con reformas integrales, reformas de ba\u00f1o, reformas de cocina y actividades de la construcci\u00f3n.<\/p>\n\n\n\n<p>Gestionar su red de afiliados y de anunciantes publicitarios.<\/p>\n\n\n\n<p>Gestionar y moderar los comentarios que los visitantes efect\u00faen en la web.<\/p>\n\n\n\n<p><strong>PROYECTOSHERRANZ <\/strong>tiene como \u00fanica misi\u00f3n consiste en ofrecer servicios de terceras empresas profesionales del sector de la construcci\u00f3n y reforma con el fin de que los clientes, en este caso usted pueda contratar a dichos profesionales.<\/p>\n\n\n\n<p><strong>PROYECTOSHERRANZ<\/strong>, no interviene en ning\u00fan caso en las negociaciones llevadas a cabo entre el cliente y Profesional, permaneciendo al margen de las mismas en todo momento, ni en la ejecuci\u00f3n de los trabajos acordados entre el cliente y la empresa contratada por \u00e9ste, por lo que no es responsable, en ning\u00fan caso, del trabajo realizado por dicha empresa al Cliente, ni del cumplimiento de las obligaciones del cliente con la empresa, eximiendo expresamente el cliente y la Enpresa contratada a PROYECTOSHERRANZ de cualquier desavenencia que pudiera surgir entre ambos.<\/p>\n<\/div>\n<\/div><\/div>\n","protected":false},"excerpt":{"rendered":"","protected":false},"author":1,"featured_media":0,"parent":0,"menu_order":0,"comment_status":"closed","ping_status":"closed","template":"","meta":{"neve_meta_sidebar":"full-width","neve_meta_container":"","neve_meta_enable_content_width":"on","neve_meta_content_width":100,"neve_meta_title_alignment":"","neve_meta_author_avatar":"","neve_post_elements_order":"","neve_meta_disable_header":"","neve_meta_disable_footer":"","neve_meta_disable_title":"","_themeisle_gutenberg_block_has_review":false,"footnotes":""},"class_list":["post-348","page","type-page","status-publish","hentry"],"yoast_head":"<!-- This site is optimized with the Yoast SEO plugin v26.8 - https:\/\/yoast.com\/product\/yoast-seo-wordpress\/ -->\n<title>politicas de privacidad - Proyectos Herranz<\/title>\n<meta name=\"robots\" content=\"index, follow, max-snippet:-1, max-image-preview:large, max-video-preview:-1\" \/>\n<link rel=\"canonical\" href=\"https:\/\/proyectosherranz.com\/index.php\/politicas-de-privacidad\/\" \/>\n<meta property=\"og:locale\" content=\"es_ES\" \/>\n<meta property=\"og:type\" content=\"article\" \/>\n<meta property=\"og:title\" content=\"politicas de privacidad - Proyectos Herranz\" \/>\n<meta property=\"og:url\" content=\"https:\/\/proyectosherranz.com\/index.php\/politicas-de-privacidad\/\" \/>\n<meta property=\"og:site_name\" content=\"Proyectos Herranz\" \/>\n<meta property=\"article:modified_time\" content=\"2021-03-08T22:19:11+00:00\" \/>\n<meta name=\"twitter:card\" content=\"summary_large_image\" \/>\n<meta name=\"twitter:label1\" content=\"Tiempo de lectura\" \/>\n\t<meta name=\"twitter:data1\" content=\"2 minutos\" \/>\n<script type=\"application\/ld+json\" class=\"yoast-schema-graph\">{\"@context\":\"https:\/\/schema.org\",\"@graph\":[{\"@type\":\"WebPage\",\"@id\":\"https:\/\/proyectosherranz.com\/index.php\/politicas-de-privacidad\/\",\"url\":\"https:\/\/proyectosherranz.com\/index.php\/politicas-de-privacidad\/\",\"name\":\"politicas de privacidad - Proyectos Herranz\",\"isPartOf\":{\"@id\":\"https:\/\/proyectosherranz.com\/#website\"},\"datePublished\":\"2021-03-08T22:19:00+00:00\",\"dateModified\":\"2021-03-08T22:19:11+00:00\",\"breadcrumb\":{\"@id\":\"https:\/\/proyectosherranz.com\/index.php\/politicas-de-privacidad\/#breadcrumb\"},\"inLanguage\":\"es\",\"potentialAction\":[{\"@type\":\"ReadAction\",\"target\":[\"https:\/\/proyectosherranz.com\/index.php\/politicas-de-privacidad\/\"]}]},{\"@type\":\"BreadcrumbList\",\"@id\":\"https:\/\/proyectosherranz.com\/index.php\/politicas-de-privacidad\/#breadcrumb\",\"itemListElement\":[{\"@type\":\"ListItem\",\"position\":1,\"name\":\"Home\",\"item\":\"https:\/\/proyectosherranz.com\/\"},{\"@type\":\"ListItem\",\"position\":2,\"name\":\"politicas de privacidad\"}]},{\"@type\":\"WebSite\",\"@id\":\"https:\/\/proyectosherranz.com\/#website\",\"url\":\"https:\/\/proyectosherranz.com\/\",\"name\":\"Proyectos Herranz\",\"description\":\"Proyectos, reformas y pintura\",\"publisher\":{\"@id\":\"https:\/\/proyectosherranz.com\/#organization\"},\"potentialAction\":[{\"@type\":\"SearchAction\",\"target\":{\"@type\":\"EntryPoint\",\"urlTemplate\":\"https:\/\/proyectosherranz.com\/?s={search_term_string}\"},\"query-input\":{\"@type\":\"PropertyValueSpecification\",\"valueRequired\":true,\"valueName\":\"search_term_string\"}}],\"inLanguage\":\"es\"},{\"@type\":\"Organization\",\"@id\":\"https:\/\/proyectosherranz.com\/#organization\",\"name\":\"Proyectos Herranz\",\"url\":\"https:\/\/proyectosherranz.com\/\",\"logo\":{\"@type\":\"ImageObject\",\"inLanguage\":\"es\",\"@id\":\"https:\/\/proyectosherranz.com\/#\/schema\/logo\/image\/\",\"url\":\"https:\/\/proyectosherranz.com\/wp-content\/uploads\/2020\/12\/cropped-cropped-LogoIconSMALL.jpg\",\"contentUrl\":\"https:\/\/proyectosherranz.com\/wp-content\/uploads\/2020\/12\/cropped-cropped-LogoIconSMALL.jpg\",\"width\":237,\"height\":623,\"caption\":\"Proyectos Herranz\"},\"image\":{\"@id\":\"https:\/\/proyectosherranz.com\/#\/schema\/logo\/image\/\"}}]}<\/script>\n<!-- \/ Yoast SEO plugin. -->","yoast_head_json":{"title":"politicas de privacidad - Proyectos Herranz","robots":{"index":"index","follow":"follow","max-snippet":"max-snippet:-1","max-image-preview":"max-image-preview:large","max-video-preview":"max-video-preview:-1"},"canonical":"https:\/\/proyectosherranz.com\/index.php\/politicas-de-privacidad\/","og_locale":"es_ES","og_type":"article","og_title":"politicas de privacidad - Proyectos Herranz","og_url":"https:\/\/proyectosherranz.com\/index.php\/politicas-de-privacidad\/","og_site_name":"Proyectos Herranz","article_modified_time":"2021-03-08T22:19:11+00:00","twitter_card":"summary_large_image","twitter_misc":{"Tiempo de lectura":"2 minutos"},"schema":{"@context":"https:\/\/schema.org","@graph":[{"@type":"WebPage","@id":"https:\/\/proyectosherranz.com\/index.php\/politicas-de-privacidad\/","url":"https:\/\/proyectosherranz.com\/index.php\/politicas-de-privacidad\/","name":"politicas de privacidad - Proyectos Herranz","isPartOf":{"@id":"https:\/\/proyectosherranz.com\/#website"},"datePublished":"2021-03-08T22:19:00+00:00","dateModified":"2021-03-08T22:19:11+00:00","breadcrumb":{"@id":"https:\/\/proyectosherranz.com\/index.php\/politicas-de-privacidad\/#breadcrumb"},"inLanguage":"es","potentialAction":[{"@type":"ReadAction","target":["https:\/\/proyectosherranz.com\/index.php\/politicas-de-privacidad\/"]}]},{"@type":"BreadcrumbList","@id":"https:\/\/proyectosherranz.com\/index.php\/politicas-de-privacidad\/#breadcrumb","itemListElement":[{"@type":"ListItem","position":1,"name":"Home","item":"https:\/\/proyectosherranz.com\/"},{"@type":"ListItem","position":2,"name":"politicas de privacidad"}]},{"@type":"WebSite","@id":"https:\/\/proyectosherranz.com\/#website","url":"https:\/\/proyectosherranz.com\/","name":"Proyectos Herranz","description":"Proyectos, reformas y pintura","publisher":{"@id":"https:\/\/proyectosherranz.com\/#organization"},"potentialAction":[{"@type":"SearchAction","target":{"@type":"EntryPoint","urlTemplate":"https:\/\/proyectosherranz.com\/?s={search_term_string}"},"query-input":{"@type":"PropertyValueSpecification","valueRequired":true,"valueName":"search_term_string"}}],"inLanguage":"es"},{"@type":"Organization","@id":"https:\/\/proyectosherranz.com\/#organization","name":"Proyectos Herranz","url":"https:\/\/proyectosherranz.com\/","logo":{"@type":"ImageObject","inLanguage":"es","@id":"https:\/\/proyectosherranz.com\/#\/schema\/logo\/image\/","url":"https:\/\/proyectosherranz.com\/wp-content\/uploads\/2020\/12\/cropped-cropped-LogoIconSMALL.jpg","contentUrl":"https:\/\/proyectosherranz.com\/wp-content\/uploads\/2020\/12\/cropped-cropped-LogoIconSMALL.jpg","width":237,"height":623,"caption":"Proyectos Herranz"},"image":{"@id":"https:\/\/proyectosherranz.com\/#\/schema\/logo\/image\/"}}]}},"_links":{"self":[{"href":"https:\/\/proyectosherranz.com\/index.php\/wp-json\/wp\/v2\/pages\/348","targetHints":{"allow":["GET"]}}],"collection":[{"href":"https:\/\/proyectosherranz.com\/index.php\/wp-json\/wp\/v2\/pages"}],"about":[{"href":"https:\/\/proyectosherranz.com\/index.php\/wp-json\/wp\/v2\/types\/page"}],"author":[{"embeddable":true,"href":"https:\/\/proyectosherranz.com\/index.php\/wp-json\/wp\/v2\/users\/1"}],"replies":[{"embeddable":true,"href":"https:\/\/proyectosherranz.com\/index.php\/wp-json\/wp\/v2\/comments?post=348"}],"version-history":[{"count":2,"href":"https:\/\/proyectosherranz.com\/index.php\/wp-json\/wp\/v2\/pages\/348\/revisions"}],"predecessor-version":[{"id":350,"href":"https:\/\/proyectosherranz.com\/index.php\/wp-json\/wp\/v2\/pages\/348\/revisions\/350"}],"wp:attachment":[{"href":"https:\/\/proyectosherranz.com\/index.php\/wp-json\/wp\/v2\/media?parent=348"}],"curies":[{"name":"wp","href":"https:\/\/api.w.org\/{rel}","templated":true}]}}